
What is the millions digit of 74040437?
4
What is the hundred millions digit of 779909318?
7
What is the ten thousands digit of 3443422543?
2
What is the ten thousands digit of 396600338?
0
What is the hundreds digit of 403210578?
5
What is the millions digit of 335175770?
5
What is the hundred millions digit of 173814216?
1
What is the ten thousands digit of 400455657?
5
What is the tens digit of 1121609762?
6
What is the units digit of 602502875?
5
What is the thousands digit of 385123253?
3
What is the units digit of 6523740239?
9
What is the ten millions digit of 52414504?
5
What is the ten millions digit of 25021529?
2
What is the ten thousands digit of 95133439?
3
What is the tens digit of 70447616?
1
What is the tens digit of 22970044?
4
What is the thousands digit of 194559800?
9
What is the ten millions digit of 20780415?
2
What is the ten thousands digit of 22795394?
9
What is the units digit of 77027443?
3
What is the hundreds digit of 2199311418?
4
What is the units digit of 2504599153?
3
What is the hundred millions digit of 3037546301?
0
What is the units digit of 269773657?
7
What is the units digit of 65063289?
9
What is the ten thousands digit of 8493448?
9
What is the tens digit of 1716433944?
4
What is the hundred millions digit of 2479307402?
4
What is the hundreds digit of 181706438?
4
What is the thousands digit of 129439679?
9
What is the units digit of 761927592?
2
What is the tens digit of 57080717?
1
What is the hundreds digit of 182466889?
8
What is the ten thousands digit of 38535180?
3
What is the hundred millions digit of 2604352037?
6
What is the hundred millions digit of 277080258?
2
What is the hundred thousands digit of 6917344?
9
What is the millions digit of 18635375?
8
What is the hundreds digit of 447424586?
5
What is the tens digit of 316122506?
0
What is the thousands digit of 500274690?
4
What is the millions digit of 105982434?
5
What is the hundred millions digit of 3259075601?
2
What is the units digit of 18033414?
4
What is the millions digit of 65176667?
5
What is the units digit of 234960834?
4
What is the hundreds digit of 6144589?
5
What is the hundreds digit of 3796249203?
2
What is the hundred millions digit of 897959816?
8
What is the hundreds digit of 384741222?
2
What is the hundred millions digit of 192454443?
1
What is the millions digit of 439586251?
9
What is the millions digit of 3231795025?
1
What is the units digit of 22437707?
7
What is the ten thousands digit of 620484746?
8
What is the hundreds digit of 66126322?
3
What is the units digit of 95553845?
5
What is the hundred thousands digit of 1760109027?
1
What is the hundred thousands digit of 132452401?
4
What is the thousands digit of 31916606?
6
What is the tens digit of 208140822?
2
What is the millions digit of 1248664186?
8
What is the ten millions digit of 77874268?
7
What is the millions digit of 189344209?
9
What is the hundred millions digit of 1685487994?
6
What is the hundreds digit of 1099444256?
2
What is the hundred thousands digit of 995336679?
3
What is the hundreds digit of 83170591?
5
What is the hundred thousands digit of 1565871397?
8
What is the thousands digit of 1562142613?
2
What is the hundreds digit of 47716927?
9
What is the units digit of 3205507166?
6
What is the hundreds digit of 456650337?
3
What is the tens digit of 3359781916?
1
What is the units digit of 39112467?
7
What is the hundred thousands digit of 11234526?
2
What is the hundreds digit of 52222506?
5
What is the thousands digit of 64430266?
0
What is the hundred millions digit of 4742791588?
7
What is the ten thousands digit of 822765820?
6
What is the hundred thousands digit of 353925679?
9
What is the ten thousands digit of 833454064?
5
What is the hundred millions digit of 226002093?
2
What is the tens digit of 177289751?
5
What is the hundreds digit of 35057782?
7
What is the hundreds digit of 319444589?
5
What is the hundred thousands digit of 103246189?
2
What is the ten millions digit of 866541783?
6
What is the hundreds digit of 122723465?
4
What is the millions digit of 1908670654?
8
What is the ten thousands digit of 259942733?
4
What is the tens digit of 4583132089?
8
What is the ten thousands digit of 60413427?
1
What is the tens digit of 53333086?
8
What is the thousands digit of 4939760?
9
What is the tens digit of 19174025?
2
What is the ten millions digit of 42124236?
4
What is the ten thousands digit of 661983460?
8
What is the tens digit of 6187887?
8
What is the ten millions digit of 356467478?
5
What is the units digit of 1114806940?
0
What is the millions digit of 21209154?
1
What is the millions digit of 78116866?
8
What is the ten thousands digit of 1834347530?
4
What is the ten millions digit of 110062804?
1
What is the millions digit of 1208176273?
8
What is the units digit of 92049090?
0
What is the hundred thousands digit of 22105038?
1
What is the ten millions digit of 69972543?
6
What is the ten thousands digit of 1645181296?
8
What is the thousands digit of 17156768?
6
What is the thousands digit of 1844665110?
5
What is the thousands digit of 267912734?
2
What is the millions digit of 10875611?
0
What is the tens digit of 93781297?
9
What is the billions digit of 4064461530?
4
What is the ten millions digit of 250558582?
5
What is the hundred millions digit of 107204548?
1
What is the millions digit of 191036098?
1
What is the units digit of 106701866?
6
What is the billions digit of 6634942585?
6
What is the units digit of 73965478?
8
What is the hundred millions digit of 129478657?
1
What is the millions digit of 30004856?
0
What is the tens digit of 27994732?
3
What is the millions digit of 2503527858?
3
What is the ten thousands digit of 19483336?
8
What is the tens digit of 232292943?
4
What is the ten millions digit of 2373230123?
7
What is the millions digit of 57386070?
7
What is the units digit of 100170156?
6
What is the hundreds digit of 3185317155?
1
What is the hundred thousands digit of 238566649?
5
What is the ten thousands digit of 889431154?
3
What is the tens digit of 230948446?
4
What is the ten millions digit of 45627377?
4
What is the ten millions digit of 326341068?
2
What is the hundred thousands digit of 22883485?
8
What is the thousands digit of 45707555?
7
What is the millions digit of 304669780?
4
What is the hundred millions digit of 1591845934?
5
What is the millions digit of 8122116?
8
What is the ten millions digit of 192669723?
9
What is the millions digit of 322279937?
2
What is the hundred millions digit of 182353674?
1
What is the millions digit of 62261963?
2
What is the hundreds digit of 29099830?
8
What is the ten thousands digit of 290965251?
6
What is the hundreds digit of 46870259?
2
What is the hundred thousands digit of 16370063?
3
What is the hundreds digit of 2544113826?
8
What is the units digit of 282557520?
0
What is the tens digit of 1073550314?
1
What is the thousands digit of 143004320?
4
What is the units digit of 197703479?
9
What is the ten millions digit of 94703901?
9
What is the tens digit of 59232225?
2
What is the thousands digit of 39099601?
9
What is the hundreds digit of 918784864?
8
What is the thousands digit of 226104453?
4
What is the hundred millions digit of 307082624?
3
What is the millions digit of 1506895569?
6
What is the thousands digit of 12022612?
2
What is the ten thousands digit of 95485986?
8
What is the units digit of 453811997?
7
What is the tens digit of 422396718?
1
What is the hundred thousands digit of 649149684?
1
What is the millions digit of 690260760?
0
What is the millions digit of 188076250?
8
What is the millions digit of 1286984101?
6
What is the units digit of 163495468?
8
What is the millions digit of 37061002?
7
What is the ten thousands digit of 1941194200?
9
What is the ten thousands digit of 987798035?
9
What is the thousands digit of 160680378?
0
What is the millions digit of 77373624?
7
What is the units digit of 447080403?
3
What is the units digit of 36321617?
7
What is the ten thousands digit of 25832809?
3
What is the units digit of 239572493?
3
What is the hundred thousands digit of 131443433?
4
What is the units digit of 242357721?
1
What is the ten millions digit of 546191576?
4
What is the units d